e the highest common divisor of l and 17.
17
Suppose -15*o + 46*o = 1018 - 26. What is the greatest common factor of 3424 and o?
32
Suppose -p + 9 - 12 = 2*j, 5*p = j - 15. Suppose j = -16*b - 23*b + 39. Calculate the highest common factor of 32 and b.
1
Suppose -364*q = -351*q - 3731. Let r = -66 - -107. What is the highest common factor of q and r?
41
Suppose 6*l = 3*l - b + 3, -5*b = -4*l + 4. Let h be (-2 - 13/(-5))*(l + 4). Suppose -h*x + 32 + 13 = 0. What is the greatest common factor of x and 5?
5
Let l = 384 - 419. Let b be (-1 + l)*(-30)/12. What is the highest common factor of b and 10?
10
Suppose 3*y = q - 371, 5*q - 4*y = 10*q - 1912. Calculate the highest common divisor of 10 and q.
10
Suppose 7 + 14 = 5*t - f, 2*f = -4*t. Calculate the highest common factor of t and 6243.
3
Let y(f) = -238*f - 58. Let x be y(-1). Suppose -301*j + 307*j = x. What is the greatest common divisor of j and 12?
6
Suppose -47*b + 1853 = -4915. Calculate the highest common divisor of b and 63.
9
Let l be 2 + 3/(-6)*6 + 17. Let n be 3 - l/4 - (-15)/1. Let c(v) = v**3 - 14*v**2 + 1. Let p be c(n). What is the greatest common factor of p and 2?
1
Suppose 2*l + 0*l = 50. Let f(q) = 4*q - 1. Let r be f(14). Suppose -6*w = -r - 5. Calculate the highest common divisor of l and w.
5
Suppose -1566 = -17*z - 223. Let o(j) = j**3 - 8*j**2 + 5*j + 15. Let w be o(7). What is the highest common divisor of w and z?
1
Let i be 0/(-21) + (6 - (0 + 0)). Calculate the greatest common factor of 111 and i.
3
Let i = 1797 - 524. Calculate the highest common factor of i and 114.
19
Suppose 5*j - 5*f - 155 = 0, -j - 2*f = 14 - 75. Let t = -77 + 200. Calculate the greatest common factor of t and j.
41
Suppose 0 = 76*l - 75*l + a - 136, -5*a + 152 = l. What is the greatest common factor of 9372 and l?
132
Suppose 0 = -2*h + 5*n + 2822, -3*h - 2676*n + 2672*n + 4325 = 0. Calculate the greatest common factor of 1749 and h.
159
Let j(s) = -s**2 - 9*s - 126. Let g be j(0). Let h = 145 + g. What is the highest common factor of h and 1007?
19
Let g(l) = -16*l**3 - 3*l**2 - 7*l - 10. Let x be g(-2). What is the greatest common divisor of x and 132?
12
Let a be (((-4046)/(-340))/((-4)/10))/((-5)/80). Calculate the highest common divisor of a and 252.
28
Let x = -23242 - -23607. Calculate the greatest common divisor of 185 and x.
5
Suppose -f = 5*j - 28, -27 = -j - 2*j - 4*f. Suppose j*t + m - 17 = 4*m, -5*t - 15 = 5*m. What is the highest common divisor of t and 9?
1
Let a(q) = 2*q**2 + 19*q - 24. Let h be a(-11). Let b(k) = -k**3 - k**2 + 1. Let y = 22 - 23. Let l be b(y). Calculate the greatest common factor of h and l.
1
Let w = -1478 - -2149. What is the highest common divisor of w and 61?
61
Suppose -949 + 69824 = 14*q - 72875. Calculate the greatest common factor of q and 81.
81
Suppose -43 = -2*k - 29. Let d = 11 - 13. Let o be (d*3)/(2/(-7)). Calculate the greatest common factor of o and k.
7
Let y be (34/(-12)*(-1989)/(-34))/((-47)/940). What is the highest common factor of y and 2295?
255
Suppose -5*h = -4*i - 308, 5*i = 6 - 16. Suppose 784 = 6*j + 544. What is the greatest common divisor of h and j?
20
Suppose 76*v - 14500 = -24*v. What is the highest common factor of 29 and v?
29
Let l be (-5)/(-2)*(-3 + -5). Let b be 0 + 1 + (3 - l). Suppose 14*p + 0*p = 1752 - 1248. What is the greatest common factor of p and b?
12
Let p be ((-57)/114)/((-2)/304). Calculate the greatest common factor of p and 6764.
76
Let u be 20/6 - 4/(-6). Suppose -71*g - 3168 = -227*g - 900*g. What is the greatest common factor of u and g?
1
Let s be (-12)/(-54) + 1706/(-18)*-1. Let h = -66 - -131. Let k = s - h. What is the highest common factor of 20 and k?
10
Let f be ((-2760)/14)/(180/(-630)). Suppose n = 7 + 3. What is the greatest common divisor of f and n?
10
Let g(t) = -19*t**3 - 3*t**2 - 2*t + 2. Let z be g(-3). Suppose 8*i = -17*i + 1300. Calculate the greatest common factor of i and z.
26
Let g be (-50)/(-18) - 7*10/(-315). Suppose g*z = -6*z + 4212. What is the highest common factor of 9 and z?
9
Let k = -134 + 110. Let a be ((-4)/(-2))/((-132)/k + -5). Suppose 12 = 3*c + q + 3*q, q - 4 = -c. What is the highest common factor of a and c?
4
Suppose 9*m + 8924 = 106*m. What is the greatest common divisor of 644 and m?
92
Let z be (-4)/3*(69 - 78). Let i be (-30)/8*8/(-2). What is the greatest common divisor of i and z?
3
Let s be (-177)/((-22)/209 + (-210)/(-2356)). What is the greatest common factor of 124 and s?
62
Suppose 3*g - 5998 = -2*f, 2*f + 1996 = g + f. What is the greatest common divisor of 594 and g?
54
Suppose 2*m + 4*h + 96 = 0, -9*m - 4*h - 176 = -5*m. Let c be (-8052)/(-16) - -2*(-15)/m. Calculate the greatest common divisor of 56 and c.
56
Let v = -5207 + 5267. Calculate the highest common divisor of 216 and v.
12
Suppose 5*v + 2*h = -55, -3*h - 24 = -9. Let x = v + 54. Let j = -372 - -377. What is the greatest common divisor of j and x?
5
Suppose 4*l = -0*l - 4*n + 84, -2*l + 2*n + 62 = 0. Let j be (l/4)/((-1)/(-120)). Let w be j/(-18)*(-6 - 0). What is the greatest common divisor of 52 and w?
52
Suppose 0 = -2*x + 20. Suppose -74*h + 1050 = -1033 + 233. What is the greatest common divisor of h and x?
5
Let s be 6/16 - (-2610)/216*3/10. Let l(n) = -6*n - 4*n**2 + 8*n**2 + 2*n + 4. Let g be l(s). Calculate the highest common divisor of 130 and g.
26
Let c be 876 + (-1)/(-11) + (-11 - 975/(-165)). Calculate the greatest common divisor of 39 and c.
13
Suppose 0 = -5*x - 6*p + 2836, -2*x + 22*p = 25*p - 1132. Calculate the highest common divisor of x and 130.
26
Let d be 1540/30 - -2*(-3)/(-9). Suppose -70*y + 100*y = 20280. What is the greatest common divisor of d and y?
52
Suppose 14*x - 17*x - 6 = 0, -4*n + 128916 = -2*x. What is the greatest common factor of 14 and n?
14
Let t(a) = 7*a**2 - 3*a + 2. Let p be t(2). Suppose -301*b = -481*b + 6694 - 2374. What is the greatest common divisor of p and b?
24
Let c(g) = 8*g**3 + 189*g**2 + 36*g + 70. Let u be c(-23). Calculate the highest common factor of 255 and u.
51
Suppose q - 3*q - 3*w = -398, -4*q + 814 = -3*w. Calculate the greatest common divisor of 2 and q.
2
Let a(j) = -j**2 + 53*j + 1752. Let g be a(-23). Suppose 0*y = -2*y + 5*x + 52, -y + x + 20 = 0. Calculate the highest common divisor of y and g.
4
Suppose -193*o + 184*o = -1143. Suppose -c + 0*c + o = z, 3*z - c - 377 = 0. What is the highest common factor of z and 14?
14
Let d be (-2)/((24/108*(3 - 12))/116). Calculate the greatest common divisor of 290 and d.
58
Suppose 2*f + 7*f + 180 = 0. Let a be (4 + f)/(-8) + (0 - -16). What is the highest common divisor of 90 and a?
18
Suppose u + 4*u + 2*m - 42 = 0, -2*m = u - 10. Let g = u + 26. Suppose 0 = -5*a - 5*k + 245, 99 = a + 5*k + g. What is the highest common factor of a and 18?
9
Suppose 189*z = 88*z + 89*z + 19404. Calculate the greatest common factor of 132 and z.
33
Let x be 45 - ((-6)/6 + 0). Suppose -51*p + x*p + 270 = 0. What is the highest common divisor of 6 and p?
6
Let l be (-6)/(-9) + (-1636)/(-3). Let s be (104/10)/(-91 + (-31533)/(-345)). Calculate the highest common divisor of l and s.
26
Let g be (5/((-25)/(-12)))/(6/15). Suppose -5*n = -1 + g, 3*n = -4*a + 1. Let h be -60*(16/(-10))/a - -3. Calculate the highest common divisor of h and 9.
9
Suppose -7*i + 3*k + 2963 = 0, -13*i - 1692 = -17*i + 2*k. Calculate the highest common divisor of i and 475.
25
Let g(t) = 5*t**3 + 2*t**2 - 2*t - 2. Let r be g(2). Let z(n) = 50*n + 83 - 14 - 5*n + 5 - 11. Let x be z(7). What is the greatest common divisor of r and x?
42
Let r = -25 - -36. Let v be ((-396)/(-162))/(2/18). Calculate the highest common divisor of v and r.
11
Let d(r) = -r**3 + 5*r**2 - r + 5. Let j be d(5). Suppose 4*p - 538 = 5*a, j = 5*p - 6*a + a - 670. Calculate the highest common factor of 44 and p.
44
Suppose -403 + 390 = -13*o. Let g = 22 - 10. Calculate the greatest common divisor of o and g.
1
Let d = 6465 - -204. What is the greatest common divisor of d and 63?
9
Let t be ((-117)/5)/((-6)/(-80)*-4). Let d be (-23)/((-253)/(-286))*-2. What is the greatest common divisor of d and t?
26
Let y be (-103)/(-1) + 12 - -8. What is the highest common divisor of y and 3?
3
Let q be 2/94 - (-318628442)/9823. What is the greatest common divis